[INFO] fetching crate solana-rewards-program 0.12.0...
[INFO] checking solana-rewards-program-0.12.0 against master#cfbc6d4cf1acbac5c025acf8ed68929caa551df3 for pr-75494-beta
[INFO] extracting crate solana-rewards-program 0.12.0 into /workspace/builds/worker-14/source
[INFO] validating manifest of crates.io crate solana-rewards-program 0.12.0 on toolchain cfbc6d4cf1acbac5c025acf8ed68929caa551df3
[INFO] running `Command { std: "/workspace/cargo-home/bin/cargo" "+cfbc6d4cf1acbac5c025acf8ed68929caa551df3" "read-manifest" "--manifest-path" "Cargo.toml", kill_on_drop: false }`
[INFO] started tweaking crates.io crate solana-rewards-program 0.12.0
[INFO] finished tweaking crates.io crate solana-rewards-program 0.12.0
[INFO] tweaked toml for crates.io crate solana-rewards-program 0.12.0 written to /workspace/builds/worker-14/source/Cargo.toml
[INFO] running `Command { std: "/workspace/cargo-home/bin/cargo" "+cfbc6d4cf1acbac5c025acf8ed68929caa551df3" "generate-lockfile" "--manifest-path" "Cargo.toml" "-Zno-index-update", kill_on_drop: false }`
[INFO] running `Command { std: "/workspace/cargo-home/bin/cargo" "+cfbc6d4cf1acbac5c025acf8ed68929caa551df3" "fetch" "--locked" "--manifest-path" "Cargo.toml", kill_on_drop: false }`
[INFO] [stderr]  Downloading crates ...
[INFO] [stderr]   Downloaded solana-logger v0.12.3
[INFO] [stderr]   Downloaded solana-rewards-api v0.12.0
[INFO] [stderr]   Downloaded solana-token-api v0.12.0
[INFO] [stderr]   Downloaded solana-vote-api v0.12.0
[INFO] [stderr]   Downloaded solana-budget-api v0.12.1
[INFO] [stderr]   Downloaded solana-metrics v0.12.1
[INFO] [stderr]   Downloaded solana-storage-api v0.12.0
[INFO] [stderr]   Downloaded solana-sdk v0.12.1
[INFO] [stderr]   Downloaded solana-runtime v0.12.0
[INFO] running `Command { std: "docker" "create" "-v" "/var/lib/crater-agent-workspace/builds/worker-14/target:/opt/rustwide/target:rw,Z" "-v" "/var/lib/crater-agent-workspace/builds/worker-14/source:/opt/rustwide/workdir:ro,Z" "-v" "/var/lib/crater-agent-workspace/cargo-home:/opt/rustwide/cargo-home:ro,Z" "-v" "/var/lib/crater-agent-workspace/rustup-home:/opt/rustwide/rustup-home:ro,Z" "-e" "SOURCE_DIR=/opt/rustwide/workdir" "-e" "CARGO_TARGET_DIR=/opt/rustwide/target" "-e" "CARGO_HOME=/opt/rustwide/cargo-home" "-e" "RUSTUP_HOME=/opt/rustwide/rustup-home" "-w" "/opt/rustwide/workdir" "-m" "1610612736" "--user" "0:0" "--network" "none" "rustops/crates-build-env@sha256:a636fd89d022f18117e1dc8fb37a0a009933cdbbe082814857f0e2024962d47c" "/opt/rustwide/cargo-home/bin/cargo" "+cfbc6d4cf1acbac5c025acf8ed68929caa551df3" "metadata" "--no-deps" "--format-version=1", kill_on_drop: false }`
[INFO] [stderr] WARNING: Your kernel does not support swap limit capabilities or the cgroup is not mounted. Memory limited without swap.
[INFO] [stdout] c029b7ed91dfa3200318d442eb1c99767a08094331679b9b051a1cadd298b74d
[INFO] running `Command { std: "docker" "start" "-a" "c029b7ed91dfa3200318d442eb1c99767a08094331679b9b051a1cadd298b74d", kill_on_drop: false }`
[INFO] running `Command { std: "docker" "inspect" "c029b7ed91dfa3200318d442eb1c99767a08094331679b9b051a1cadd298b74d", kill_on_drop: false }`
[INFO] running `Command { std: "docker" "rm" "-f" "c029b7ed91dfa3200318d442eb1c99767a08094331679b9b051a1cadd298b74d", kill_on_drop: false }`
[INFO] [stdout] c029b7ed91dfa3200318d442eb1c99767a08094331679b9b051a1cadd298b74d
[INFO] running `Command { std: "docker" "create" "-v" "/var/lib/crater-agent-workspace/builds/worker-14/target:/opt/rustwide/target:rw,Z" "-v" "/var/lib/crater-agent-workspace/builds/worker-14/source:/opt/rustwide/workdir:ro,Z" "-v" "/var/lib/crater-agent-workspace/cargo-home:/opt/rustwide/cargo-home:ro,Z" "-v" "/var/lib/crater-agent-workspace/rustup-home:/opt/rustwide/rustup-home:ro,Z" "-e" "SOURCE_DIR=/opt/rustwide/workdir" "-e" "CARGO_TARGET_DIR=/opt/rustwide/target" "-e" "CARGO_INCREMENTAL=0" "-e" "RUST_BACKTRACE=full" "-e" "RUSTFLAGS=--cap-lints=forbid" "-e" "CARGO_HOME=/opt/rustwide/cargo-home" "-e" "RUSTUP_HOME=/opt/rustwide/rustup-home" "-w" "/opt/rustwide/workdir" "-m" "1610612736" "--user" "0:0" "--network" "none" "rustops/crates-build-env@sha256:a636fd89d022f18117e1dc8fb37a0a009933cdbbe082814857f0e2024962d47c" "/opt/rustwide/cargo-home/bin/cargo" "+cfbc6d4cf1acbac5c025acf8ed68929caa551df3" "check" "--frozen" "--all" "--all-targets" "--message-format=json", kill_on_drop: false }`
[INFO] [stdout] 96f71497ee9678d9a279e853b74094a6553e501a08c53270d8dc27182977b426
[INFO] [stderr] WARNING: Your kernel does not support swap limit capabilities or the cgroup is not mounted. Memory limited without swap.
[INFO] running `Command { std: "docker" "start" "-a" "96f71497ee9678d9a279e853b74094a6553e501a08c53270d8dc27182977b426", kill_on_drop: false }`
[INFO] [stderr]    Compiling autocfg v1.0.1
[INFO] [stderr]     Checking cfg-if v0.1.10
[INFO] [stderr]     Checking lazy_static v1.4.0
[INFO] [stderr]    Compiling log v0.4.11
[INFO] [stderr]    Compiling proc-macro2 v1.0.19
[INFO] [stderr]    Compiling unicode-xid v0.2.1
[INFO] [stderr]    Compiling serde_derive v1.0.115
[INFO] [stderr]     Checking either v1.6.0
[INFO] [stderr]     Checking itoa v0.4.6
[INFO] [stderr]     Checking futures v0.1.29
[INFO] [stderr]    Compiling semver-parser v0.7.0
[INFO] [stderr]    Compiling maybe-uninit v2.0.0
[INFO] [stderr]    Compiling version_check v0.9.2
[INFO] [stderr]    Compiling ryu v1.0.5
[INFO] [stderr]     Checking tinyvec v0.3.4
[INFO] [stderr]    Compiling typenum v1.12.0
[INFO] [stderr]     Checking matches v0.1.8
[INFO] [stderr]    Compiling serde_json v1.0.57
[INFO] [stderr]    Compiling pkg-config v0.3.18
[INFO] [stderr]     Checking scopeguard v1.1.0
[INFO] [stderr]     Checking byte-tools v0.3.1
[INFO] [stderr]     Checking slab v0.4.2
[INFO] [stderr]    Compiling memchr v2.3.3
[INFO] [stderr]     Checking fnv v1.0.7
[INFO] [stderr]     Checking opaque-debug v0.2.3
[INFO] [stderr]     Checking fake-simd v0.1.2
[INFO] [stderr]    Compiling httparse v1.3.4
[INFO] [stderr]    Compiling openssl v0.10.30
[INFO] [stderr]     Checking foreign-types-shared v0.1.1
[INFO] [stderr]     Checking regex-syntax v0.6.18
[INFO] [stderr]    Compiling native-tls v0.2.4
[INFO] [stderr]     Checking adler v0.2.3
[INFO] [stderr]    Compiling version_check v0.1.5
[INFO] [stderr]     Checking gimli v0.22.0
[INFO] [stderr]     Checking openssl-probe v0.1.2
[INFO] [stderr]    Compiling failure_derive v0.1.8
[INFO] [stderr]     Checking object v0.20.0
[INFO] [stderr]    Compiling crc32fast v1.2.0
[INFO] [stderr]     Checking try-lock v0.2.3
[INFO] [stderr]     Checking safemem v0.3.3
[INFO] [stderr]     Checking percent-encoding v2.1.0
[INFO] [stderr]     Checking rustc-demangle v0.1.16
[INFO] [stderr]    Compiling encoding_rs v0.8.23
[INFO] [stderr]     Checking quick-error v1.2.3
[INFO] [stderr]     Checking typeable v0.1.2
[INFO] [stderr]     Checking language-tags v0.2.2
[INFO] [stderr]     Checking traitobject v0.1.0
[INFO] [stderr]    Compiling feature-probe v0.1.1
[INFO] [stderr]     Checking mime v0.3.16
[INFO] [stderr]     Checking termcolor v1.1.0
[INFO] [stderr]     Checking dtoa v0.4.6
[INFO] [stderr]    Compiling ring v0.13.5
[INFO] [stderr]    Compiling sys-info v0.5.10
[INFO] [stderr]    Compiling libloading v0.5.2
[INFO] [stderr]     Checking try_from v0.3.2
[INFO] [stderr]     Checking thread_local v1.0.1
[INFO] [stderr]    Compiling rand v0.6.5
[INFO] [stderr]     Checking unicode-bidi v0.3.4
[INFO] [stderr]     Checking itertools v0.8.2
[INFO] [stderr]    Compiling semver v0.9.0
[INFO] [stderr]     Checking lock_api v0.3.4
[INFO] [stderr]     Checking block-padding v0.1.5
[INFO] [stderr]     Checking unicode-normalization v0.1.13
[INFO] [stderr]     Checking foreign-types v0.3.2
[INFO] [stderr]     Checking miniz_oxide v0.4.0
[INFO] [stderr]    Compiling unicase v2.6.0
[INFO] [stderr]    Compiling error-chain v0.12.4
[INFO] [stderr]    Compiling crossbeam-utils v0.7.2
[INFO] [stderr]    Compiling num-traits v0.2.12
[INFO] [stderr]    Compiling num-integer v0.1.43
[INFO] [stderr]    Compiling memoffset v0.5.5
[INFO] [stderr]    Compiling crossbeam-epoch v0.8.2
[INFO] [stderr]    Compiling hashbrown v0.8.2
[INFO] [stderr]    Compiling indexmap v1.5.1
[INFO] [stderr]     Checking humantime v1.3.0
[INFO] [stderr]    Compiling unicase v1.4.2
[INFO] [stderr]    Compiling openssl-sys v0.9.58
[INFO] [stderr]    Compiling bv v0.11.1
[INFO] [stderr]    Compiling rustc_version v0.2.3
[INFO] [stderr]     Checking tokio-sync v0.1.8
[INFO] [stderr]     Checking num_cpus v1.13.0
[INFO] [stderr]     Checking net2 v0.2.34
[INFO] [stderr]     Checking memmap v0.6.2
[INFO] [stderr]     Checking base64 v0.9.3
[INFO] [stderr]     Checking base64 v0.10.1
[INFO] [stderr]     Checking hashbrown v0.1.8
[INFO] [stderr]     Checking smallvec v0.6.13
[INFO] [stderr]     Checking log v0.3.9
[INFO] [stderr]     Checking want v0.2.0
[INFO] [stderr]     Checking bytes v0.4.12
[INFO] [stderr]     Checking futures-cpupool v0.1.8
[INFO] [stderr]     Checking aho-corasick v0.7.13
[INFO] [stderr]     Checking mio v0.6.22
[INFO] [stderr]     Checking idna v0.1.5
[INFO] [stderr]     Checking idna v0.2.0
[INFO] [stderr]     Checking flate2 v1.0.17
[INFO] [stderr]    Compiling parking_lot_core v0.6.2
[INFO] [stderr]    Compiling parking_lot v0.9.0
[INFO] [stderr]    Compiling hyper v0.12.35
[INFO] [stderr]    Compiling quote v1.0.7
[INFO] [stderr]     Checking mime v0.2.6
[INFO] [stderr]    Compiling mime_guess v2.0.3
[INFO] [stderr]     Checking tokio-executor v0.1.10
[INFO] [stderr]     Checking crossbeam-queue v0.2.3
[INFO] [stderr]     Checking tokio-io v0.1.13
[INFO] [stderr]     Checking http v0.1.21
[INFO] [stderr]     Checking string v0.2.1
[INFO] [stderr]     Checking tokio-buf v0.1.1
[INFO] [stderr]     Checking url v1.7.2
[INFO] [stderr]     Checking url v2.1.1
[INFO] [stderr]    Compiling syn v1.0.39
[INFO] [stderr]     Checking tokio-timer v0.2.13
[INFO] [stderr]     Checking tokio-current-thread v0.1.7
[INFO] [stderr]     Checking regex v1.3.9
[INFO] [stderr]     Checking crossbeam-deque v0.7.3
[INFO] [stderr]     Checking addr2line v0.13.0
[INFO] [stderr]     Checking uuid v0.7.4
[INFO] [stderr]     Checking tokio-threadpool v0.1.18
[INFO] [stderr]     Checking backtrace v0.3.50
[INFO] [stderr]     Checking hyper v0.10.16
[INFO] [stderr]     Checking cookie v0.12.0
[INFO] [stderr]     Checking tokio-reactor v0.1.12
[INFO] [stderr]     Checking tokio-tcp v0.1.4
[INFO] [stderr]     Checking tokio v0.1.22
[INFO] [stderr]     Checking publicsuffix v1.5.4
[INFO] [stderr]     Checking env_logger v0.6.2
[INFO] [stderr]     Checking solana-logger v0.12.3
[INFO] [stderr]     Checking h2 v0.1.26
[INFO] [stderr]     Checking http-body v0.1.0
[INFO] [stderr]    Compiling synstructure v0.12.4
[INFO] [stderr]     Checking hyper-native-tls v0.3.0
[INFO] [stderr]     Checking failure v0.1.8
[INFO] [stderr]     Checking hyper-tls v0.3.2
[INFO] [stderr]     Checking serde v1.0.115
[INFO] [stderr]     Checking generic-array v0.12.3
[INFO] [stderr]     Checking chrono v0.4.15
[INFO] [stderr]     Checking bincode v1.3.1
[INFO] [stderr]     Checking serde_urlencoded v0.5.5
[INFO] [stderr]     Checking block-buffer v0.7.3
[INFO] [stderr]     Checking digest v0.8.1
[INFO] [stderr]     Checking sha2 v0.8.2
[INFO] [stderr]     Checking cookie_store v0.7.0
[INFO] [stderr]     Checking influx_db_client v0.3.6
[INFO] [stderr]     Checking solana-sdk v0.12.1
[INFO] [stderr]     Checking solana-vote-api v0.12.0
[INFO] [stderr]     Checking solana-storage-api v0.12.0
[INFO] [stderr]     Checking solana-budget-api v0.12.1
[INFO] [stderr]     Checking solana-token-api v0.12.0
[INFO] [stderr]     Checking reqwest v0.9.24
[INFO] [stdout] error[E0599]: no variant or associated item named `InvalidUserdata` found for enum `solana_sdk::native_program::ProgramError` in the current scope
[INFO] [stdout]   --> /opt/rustwide/cargo-home/registry/src/github.com-1ecc6299db9ec823/solana-vote-api-0.12.0/src/vote_state.rs:77:54
[INFO] [stdout]    |
[INFO] [stdout] 77 |         deserialize(input).map_err(|_| ProgramError::InvalidUserdata)
[INFO] [stdout]    |                                                      ^^^^^^^^^^^^^^^ variant or associated item not found in `solana_sdk::native_program::ProgramError`
[INFO] [stdout] 
[INFO] [stdout] 
[INFO] [stdout] error[E0599]: no variant or associated item named `UserdataTooSmall` found for enum `solana_sdk::native_program::ProgramError` in the current scope
[INFO] [stdout]   --> /opt/rustwide/cargo-home/registry/src/github.com-1ecc6299db9ec823/solana-vote-api-0.12.0/src/vote_state.rs:82:51
[INFO] [stdout]    |
[INFO] [stdout] 82 |             ErrorKind::SizeLimit => ProgramError::UserdataTooSmall,
[INFO] [stdout]    |                                                   ^^^^^^^^^^^^^^^^ variant or associated item not found in `solana_sdk::native_program::ProgramError`
[INFO] [stdout] 
[INFO] [stdout] 
[INFO] [stdout] error[E0609]: no field `userdata` on type `&mut solana_sdk::account::Account`
[INFO] [stdout]    --> /opt/rustwide/cargo-home/registry/src/github.com-1ecc6299db9ec823/solana-vote-api-0.12.0/src/vote_state.rs:166:72
[INFO] [stdout]     |
[INFO] [stdout] 166 |     let vote_state = VoteState::deserialize(&keyed_accounts[0].account.userdata);
[INFO] [stdout]     |                                                                        ^^^^^^^^ unknown field
[INFO] [stdout]     |
[INFO] [stdout]     = note: available fields are: `lamports`, `data`, `owner`, `executable`
[INFO] [stdout] 
[INFO] [stdout] 
[INFO] [stdout] error[E0609]: no field `userdata` on type `&mut solana_sdk::account::Account`
[INFO] [stdout]    --> /opt/rustwide/cargo-home/registry/src/github.com-1ecc6299db9ec823/solana-vote-api-0.12.0/src/vote_state.rs:169:61
[INFO] [stdout]     |
[INFO] [stdout] 169 |         vote_state.serialize(&mut keyed_accounts[0].account.userdata)?;
[INFO] [stdout]     |                                                             ^^^^^^^^ unknown field
[INFO] [stdout]     |
[INFO] [stdout]     = note: available fields are: `lamports`, `data`, `owner`, `executable`
[INFO] [stdout] 
[INFO] [stdout] 
[INFO] [stdout] error[E0599]: no variant or associated item named `InvalidUserdata` found for enum `solana_sdk::native_program::ProgramError` in the current scope
[INFO] [stdout]    --> /opt/rustwide/cargo-home/registry/src/github.com-1ecc6299db9ec823/solana-vote-api-0.12.0/src/vote_state.rs:172:27
[INFO] [stdout]     |
[INFO] [stdout] 172 |         Err(ProgramError::InvalidUserdata)?;
[INFO] [stdout]     |                           ^^^^^^^^^^^^^^^ variant or associated item not found in `solana_sdk::native_program::ProgramError`
[INFO] [stdout] 
[INFO] [stdout] 
[INFO] [stdout] error[E0609]: no field `userdata` on type `&mut solana_sdk::account::Account`
[INFO] [stdout]    --> /opt/rustwide/cargo-home/registry/src/github.com-1ecc6299db9ec823/solana-vote-api-0.12.0/src/vote_state.rs:195:72
[INFO] [stdout]     |
[INFO] [stdout] 195 |     let vote_state = VoteState::deserialize(&keyed_accounts[0].account.userdata);
[INFO] [stdout]     |                                                                        ^^^^^^^^ unknown field
[INFO] [stdout]     |
[INFO] [stdout]     = note: available fields are: `lamports`, `data`, `owner`, `executable`
[INFO] [stdout] 
[INFO] [stdout] 
[INFO] [stdout] error[E0609]: no field `userdata` on type `&mut solana_sdk::account::Account`
[INFO] [stdout]    --> /opt/rustwide/cargo-home/registry/src/github.com-1ecc6299db9ec823/solana-vote-api-0.12.0/src/vote_state.rs:198:61
[INFO] [stdout]     |
[INFO] [stdout] 198 |         vote_state.serialize(&mut keyed_accounts[0].account.userdata)?;
[INFO] [stdout]     |                                                             ^^^^^^^^ unknown field
[INFO] [stdout]     |
[INFO] [stdout]     = note: available fields are: `lamports`, `data`, `owner`, `executable`
[INFO] [stdout] 
[INFO] [stdout] 
[INFO] [stdout] error[E0599]: no variant or associated item named `InvalidUserdata` found for enum `solana_sdk::native_program::ProgramError` in the current scope
[INFO] [stdout]    --> /opt/rustwide/cargo-home/registry/src/github.com-1ecc6299db9ec823/solana-vote-api-0.12.0/src/vote_state.rs:201:27
[INFO] [stdout]     |
[INFO] [stdout] 201 |         Err(ProgramError::InvalidUserdata)?;
[INFO] [stdout]     |                           ^^^^^^^^^^^^^^^ variant or associated item not found in `solana_sdk::native_program::ProgramError`
[INFO] [stdout] 
[INFO] [stdout] 
[INFO] [stdout] error[E0609]: no field `userdata` on type `&mut solana_sdk::account::Account`
[INFO] [stdout]    --> /opt/rustwide/cargo-home/registry/src/github.com-1ecc6299db9ec823/solana-vote-api-0.12.0/src/vote_state.rs:217:72
[INFO] [stdout]     |
[INFO] [stdout] 217 |     let vote_state = VoteState::deserialize(&keyed_accounts[0].account.userdata);
[INFO] [stdout]     |                                                                        ^^^^^^^^ unknown field
[INFO] [stdout]     |
[INFO] [stdout]     = note: available fields are: `lamports`, `data`, `owner`, `executable`
[INFO] [stdout] 
[INFO] [stdout] 
[INFO] [stdout] error[E0609]: no field `userdata` on type `&mut solana_sdk::account::Account`
[INFO] [stdout]    --> /opt/rustwide/cargo-home/registry/src/github.com-1ecc6299db9ec823/solana-vote-api-0.12.0/src/vote_state.rs:221:65
[INFO] [stdout]     |
[INFO] [stdout] 221 |             vote_state.serialize(&mut keyed_accounts[0].account.userdata)?;
[INFO] [stdout]     |                                                                 ^^^^^^^^ unknown field
[INFO] [stdout]     |
[INFO] [stdout]     = note: available fields are: `lamports`, `data`, `owner`, `executable`
[INFO] [stdout] 
[INFO] [stdout] 
[INFO] [stdout] error[E0599]: no variant or associated item named `InvalidUserdata` found for enum `solana_sdk::native_program::ProgramError` in the current scope
[INFO] [stdout]    --> /opt/rustwide/cargo-home/registry/src/github.com-1ecc6299db9ec823/solana-vote-api-0.12.0/src/vote_state.rs:224:31
[INFO] [stdout]     |
[INFO] [stdout] 224 |             Err(ProgramError::InvalidUserdata)?;
[INFO] [stdout]     |                               ^^^^^^^^^^^^^^^ variant or associated item not found in `solana_sdk::native_program::ProgramError`
[INFO] [stdout] 
[INFO] [stdout] 
[INFO] [stdout] error[E0599]: no variant or associated item named `InvalidUserdata` found for enum `solana_sdk::native_program::ProgramError` in the current scope
[INFO] [stdout]    --> /opt/rustwide/cargo-home/registry/src/github.com-1ecc6299db9ec823/solana-vote-api-0.12.0/src/vote_state.rs:228:27
[INFO] [stdout]     |
[INFO] [stdout] 228 |         Err(ProgramError::InvalidUserdata)?;
[INFO] [stdout]     |                           ^^^^^^^^^^^^^^^ variant or associated item not found in `solana_sdk::native_program::ProgramError`
[INFO] [stdout] 
[INFO] [stdout] 
[INFO] [stdout] error[E0609]: no field `userdata` on type `&mut solana_sdk::account::Account`
[INFO] [stdout]    --> /opt/rustwide/cargo-home/registry/src/github.com-1ecc6299db9ec823/solana-vote-api-0.12.0/src/vote_state.rs:240:76
[INFO] [stdout]     |
[INFO] [stdout] 240 |     let mut vote_state = VoteState::deserialize(&keyed_accounts[0].account.userdata)?;
[INFO] [stdout]     |                                                                            ^^^^^^^^ unknown field
[INFO] [stdout]     |
[INFO] [stdout]     = note: available fields are: `lamports`, `data`, `owner`, `executable`
[INFO] [stdout] 
[INFO] [stdout] 
[INFO] [stdout] error[E0609]: no field `userdata` on type `&mut solana_sdk::account::Account`
[INFO] [stdout]    --> /opt/rustwide/cargo-home/registry/src/github.com-1ecc6299db9ec823/solana-vote-api-0.12.0/src/vote_state.rs:259:57
[INFO] [stdout]     |
[INFO] [stdout] 259 |     vote_state.serialize(&mut keyed_accounts[0].account.userdata)?;
[INFO] [stdout]     |                                                         ^^^^^^^^ unknown field
[INFO] [stdout]     |
[INFO] [stdout]     = note: available fields are: `lamports`, `data`, `owner`, `executable`
[INFO] [stdout] 
[INFO] [stdout] 
[INFO] [stdout] error[E0609]: no field `userdata` on type `&mut solana_sdk::account::Account`
[INFO] [stdout]    --> /opt/rustwide/cargo-home/registry/src/github.com-1ecc6299db9ec823/solana-vote-api-0.12.0/src/vote_state.rs:269:76
[INFO] [stdout]     |
[INFO] [stdout] 269 |     let mut vote_state = VoteState::deserialize(&keyed_accounts[0].account.userdata)?;
[INFO] [stdout]     |                                                                            ^^^^^^^^ unknown field
[INFO] [stdout]     |
[INFO] [stdout]     = note: available fields are: `lamports`, `data`, `owner`, `executable`
[INFO] [stdout] 
[INFO] [stdout] 
[INFO] [stdout] error[E0609]: no field `userdata` on type `&mut solana_sdk::account::Account`
[INFO] [stdout]    --> /opt/rustwide/cargo-home/registry/src/github.com-1ecc6299db9ec823/solana-vote-api-0.12.0/src/vote_state.rs:271:57
[INFO] [stdout]     |
[INFO] [stdout] 271 |     vote_state.serialize(&mut keyed_accounts[0].account.userdata)?;
[INFO] [stdout]     |                                                         ^^^^^^^^ unknown field
[INFO] [stdout]     |
[INFO] [stdout]     = note: available fields are: `lamports`, `data`, `owner`, `executable`
[INFO] [stdout] 
[INFO] [stdout] 
[INFO] [stdout] error[E0609]: no field `userdata` on type `&mut solana_sdk::account::Account`
[INFO] [stdout]    --> /opt/rustwide/cargo-home/registry/src/github.com-1ecc6299db9ec823/solana-vote-api-0.12.0/src/vote_state.rs:286:59
[INFO] [stdout]     |
[INFO] [stdout] 286 |     let vote_state = VoteState::deserialize(&vote_account.userdata).unwrap();
[INFO] [stdout]     |                                                           ^^^^^^^^ unknown field
[INFO] [stdout]     |
[INFO] [stdout]     = note: available fields are: `lamports`, `data`, `owner`, `executable`
[INFO] [stdout] 
[INFO] [stdout] 
[INFO] [stdout] error[E0609]: no field `userdata` on type `&mut solana_sdk::account::Account`
[INFO] [stdout]    --> /opt/rustwide/cargo-home/registry/src/github.com-1ecc6299db9ec823/solana-vote-api-0.12.0/src/vote_state.rs:297:59
[INFO] [stdout]     |
[INFO] [stdout] 297 |     let vote_state = VoteState::deserialize(&vote_account.userdata).unwrap();
[INFO] [stdout]     |                                                           ^^^^^^^^ unknown field
[INFO] [stdout]     |
[INFO] [stdout]     = note: available fields are: `lamports`, `data`, `owner`, `executable`
[INFO] [stdout] 
[INFO] [stdout] 
[INFO] [stdout] error[E0599]: no method named `userdata` found for reference `&solana_sdk::transaction::Transaction` in the current scope
[INFO] [stdout]    --> /opt/rustwide/cargo-home/registry/src/github.com-1ecc6299db9ec823/solana-vote-api-0.12.0/src/vote_transaction.rs:111:43
[INFO] [stdout]     |
[INFO] [stdout] 111 |         let instruction = deserialize(&tx.userdata(ix_index)).unwrap();
[INFO] [stdout]     |                                           ^^^^^^^^ method not found in `&solana_sdk::transaction::Transaction`
[INFO] [stdout] 
[INFO] [stdout] 
[INFO] [stdout] error: aborting due to 19 previous errors
[INFO] [stdout] 
[INFO] [stdout] 
[INFO] [stdout] Some errors have detailed explanations: E0599, E0609.
[INFO] [stdout] 
[INFO] [stdout] For more information about an error, try `rustc --explain E0599`.
[INFO] [stdout] 
[INFO] [stderr] error: could not compile `solana-vote-api`.
[INFO] [stderr] 
[INFO] [stderr] To learn more, run the command again with --verbose.
[INFO] [stderr] warning: build failed, waiting for other jobs to finish...
[INFO] [stderr] error: build failed
[INFO] running `Command { std: "docker" "inspect" "96f71497ee9678d9a279e853b74094a6553e501a08c53270d8dc27182977b426", kill_on_drop: false }`
[INFO] running `Command { std: "docker" "rm" "-f" "96f71497ee9678d9a279e853b74094a6553e501a08c53270d8dc27182977b426", kill_on_drop: false }`
[INFO] [stdout] 96f71497ee9678d9a279e853b74094a6553e501a08c53270d8dc27182977b426
